{"id":1818,"date":"2023-01-16T12:31:56","date_gmt":"2023-01-16T11:31:56","guid":{"rendered":"https:\/\/newole.osulzer.at\/internazionali\/"},"modified":"2024-08-12T19:18:22","modified_gmt":"2024-08-12T17:18:22","slug":"internazionali","status":"publish","type":"page","link":"https:\/\/www.newole.at\/it\/internazionali\/","title":{"rendered":"Internazionali"},"content":{"rendered":"\t\t<div data-elementor-type=\"wp-page\" data-elementor-id=\"1818\" class=\"elementor elementor-1818 elementor-935\" data-elementor-post-type=\"page\">\n\t\t\t\t\t\t<section class=\"elementor-section elementor-top-section elementor-element elementor-element-60c31a19 elementor-section-height-min-height elementor-section-full_width elementor-section-height-default elementor-section-items-middle\" data-id=\"60c31a19\" data-element_type=\"section\" data-e-type=\"section\">\n\t\t\t\t\t\t<div class=\"elementor-container elementor-column-gap-default\">\n\t\t\t\t\t<div class=\"elementor-column elementor-col-100 elementor-top-column elementor-element elementor-element-908fd95\" data-id=\"908fd95\" data-element_type=\"column\" data-e-type=\"column\">\n\t\t\t<div class=\"elementor-widget-wrap elementor-element-populated\">\n\t\t\t\t\t\t<div class=\"elementor-element elementor-element-492954f elementor-widget elementor-widget-image\" data-id=\"492954f\" data-element_type=\"widget\" data-e-type=\"widget\" data-widget_type=\"image.default\">\n\t\t\t\t\t\t\t\t\t\t\t\t\t\t\t<img fetchpriority=\"high\" decoding=\"async\" width=\"1829\" height=\"360\" src=\"https:\/\/www.newole.at\/wp-content\/uploads\/2022\/12\/impecables-en-lalucha.jpg\" class=\"attachment-full size-full wp-image-1777\" alt=\"\" srcset=\"https:\/\/www.newole.at\/wp-content\/uploads\/2022\/12\/impecables-en-lalucha.jpg 1829w, https:\/\/www.newole.at\/wp-content\/uploads\/2022\/12\/impecables-en-lalucha-300x59.jpg 300w, https:\/\/www.newole.at\/wp-content\/uploads\/2022\/12\/impecables-en-lalucha-1024x202.jpg 1024w, https:\/\/www.newole.at\/wp-content\/uploads\/2022\/12\/impecables-en-lalucha-768x151.jpg 768w, https:\/\/www.newole.at\/wp-content\/uploads\/2022\/12\/impecables-en-lalucha-1536x302.jpg 1536w\" sizes=\"(max-width: 1829px) 100vw, 1829px\" \/>\t\t\t\t\t\t\t\t\t\t\t\t\t\t\t<\/div>\n\t\t\t\t\t<\/div>\n\t\t<\/div>\n\t\t\t\t\t<\/div>\n\t\t<\/section>\n\t\t\t\t<section class=\"elementor-section elementor-top-section elementor-element elementor-element-2b0ab688 elementor-section-boxed elementor-section-height-default elementor-section-height-default\" data-id=\"2b0ab688\" data-element_type=\"section\" data-e-type=\"section\">\n\t\t\t\t\t\t<div class=\"elementor-container elementor-column-gap-default\">\n\t\t\t\t\t<div class=\"elementor-column elementor-col-100 elementor-top-column elementor-element elementor-element-a591e02\" data-id=\"a591e02\" data-element_type=\"column\" data-e-type=\"column\">\n\t\t\t<div class=\"elementor-widget-wrap elementor-element-populated\">\n\t\t\t\t\t\t<div class=\"elementor-element elementor-element-57d4d3d elementor-widget elementor-widget-heading\" data-id=\"57d4d3d\" data-element_type=\"widget\" data-e-type=\"widget\" data-widget_type=\"heading.default\">\n\t\t\t\t\t<h1 class=\"elementor-heading-title elementor-size-default\">Internazionali<\/h1>\t\t\t\t<\/div>\n\t\t\t\t<div class=\"elementor-element elementor-element-442e27f5 elementor-widget elementor-widget-text-editor\" data-id=\"442e27f5\" data-element_type=\"widget\" data-e-type=\"widget\" data-widget_type=\"text-editor.default\">\n\t\t\t\t\t\t\t\t\t<p>La restrizione delle attivit\u00e0 giuridiche al solo ambito nazionale risulta sempre pi\u00f9 anacronistica in un contesto europeo caratterizzato da una rapida integrazione. Nella nostra societ\u00e0 di avvocati si assiste a un aumento dei rapporti con l&#8217;estero e alla gestione di controversie che travalicano i confini nazionali.<\/p>\n<\/p>\n<h4><strong>La presenza croata si \u00e8 estesa fino a Vienna!<\/strong><\/h4>\n<p>Dal 1\u00b0 luglio 2013 la Croazia \u00e8 diventata il 28\u00b0 Stato membro dell&#8217;Unione europea. Dal dicembre 2014, Odvjetnica (o la dottoressa in legge) Mag. dipl. opera a Vienna. iur. In collaborazione stretta con il nostro studio legale, Tanja Cukon ha dato vita alla prima societ\u00e0 di avvocati croato-austriaca sul territorio austriaco. La dottoressa in legge croata del nostro studio si occupa principalmente della consulenza giuridica di societ\u00e0 commerciali che svolgono attivit\u00e0 transfrontaliere tra la Croazia e l&#8217;Austria. Dopo aver completato gli studi di giurisprudenza presso le universit\u00e0 di Zagabria e Vienna, ha acquisito una vasta esperienza lavorativa in uno degli studi legali pi\u00f9 prestigiosi del settore, specializzato nella consulenza legale per imprese che operano nell&#8217;area CEE.<\/p>\n<p>Per maggiori informazioni, si prega di visitare il nostro sito web all&#8217;indirizzo: <a href=\"http:\/\/www.croatia-law-austria.eu\/\">www.croatia-law-austria.eu<\/a><\/p>\n<p>Grazie alla sua vasta esperienza e alla presenza della nostra societ\u00e0 di avvocati a Pola, in Istria, nonch\u00e9 alla rete di assistenza diffusa in tutta la Croazia, offre ai clienti austriaci un supporto completo e personalizzato nel pi\u00f9 recente stato membro dell&#8217;Unione Europea. Da un&#8217;altra parte, la nostra societ\u00e0 di avvocati rappresenta un punto di riferimento affidabile per le imprese croate e i privati cittadini che necessitano di assistenza legale in Austria.<br \/>Dobri dosli Hrvatska!<\/p>\n<p>U slu\u010daju da tra\u017eite hrvatskog odvjetnika u Be\u010du onda ste ovdje na pravom mjestu: <a href=\"http:\/\/www.croatia-law-austria.eu\/\">www.croatia-law-austria.eu<\/a><\/p>\n<\/p>\n<h4><strong>Italia<\/strong><\/h4>\n<p>La nostra societ\u00e0 ha una solida presenza commerciale in Italia e dispone di uffici di rappresentanza propri a Trieste, Udine e Gorizia. La nostra societ\u00e0 rappresenta un punto di contatto affidabile per gli imprenditori italiani che operano in Austria e per le aziende austriache che operano in Italia. La collaborazione avviene in particolare con lo studio legale di Diego Deboni Ferletic: Avvocati (<a href=\"https:\/\/ddfavvocati.eu\/it\/home\/\">www.ddfavvocati.eu<\/a>)<span style=\"color: var( --e-global-color-text ); font-family: var( --e-global-typography-text-font-family ), Sans-serif; font-weight: var( --e-global-typography-text-font-weight );\">. I nostri partner italiani, con cui possono collaborare e comunicare in lingua tedesca e che si recano regolarmente nel nostro ufficio a Vienna, sono disponibili ad incontrarli anche nella loro sede, previo accordo di un appuntamento.<\/span><\/p>\n<p>Ma il nostro rapporto con l&#8217;Italia non si limita solo all&#8217;aspetto lavorativo: il dott. Karl Newole ha infatti una forte connessione personale con questo Paese, essendo originario di qui. La madre del dott. Karl Newole proviene da Venezia e lui ha avuto un&#8217;educazione bilingue fin dall&#8217;infanzia. Grazie mamma!<\/p>\n\t\t\t\t\t\t\t\t<\/div>\n\t\t\t\t\t<\/div>\n\t\t<\/div>\n\t\t\t\t\t<\/div>\n\t\t<\/section>\n\t\t\t\t<\/div>\n\t\t","protected":false},"excerpt":{"rendered":"<p>Internazionali La restrizione delle attivit\u00e0 giuridiche al solo ambito nazionale risulta sempre pi\u00f9 anacronistica in un contesto europeo caratterizzato da una rapida integrazione. Nella nostra societ\u00e0 di avvocati si assiste a un aumento dei rapporti con l&#8217;estero e alla gestione di controversie che travalicano i confini nazionali. La presenza croata si \u00e8 estesa fino a [&hellip;]<\/p>\n","protected":false},"author":1,"featured_media":0,"parent":0,"menu_order":0,"comment_status":"closed","ping_status":"closed","template":"","meta":{"_acf_changed":false,"footnotes":""},"class_list":["post-1818","page","type-page","status-publish","hentry"],"acf":[],"_links":{"self":[{"href":"https:\/\/www.newole.at\/it\/wp-json\/wp\/v2\/pages\/1818","targetHints":{"allow":["GET"]}}],"collection":[{"href":"https:\/\/www.newole.at\/it\/wp-json\/wp\/v2\/pages"}],"about":[{"href":"https:\/\/www.newole.at\/it\/wp-json\/wp\/v2\/types\/page"}],"author":[{"embeddable":true,"href":"https:\/\/www.newole.at\/it\/wp-json\/wp\/v2\/users\/1"}],"replies":[{"embeddable":true,"href":"https:\/\/www.newole.at\/it\/wp-json\/wp\/v2\/comments?post=1818"}],"version-history":[{"count":1,"href":"https:\/\/www.newole.at\/it\/wp-json\/wp\/v2\/pages\/1818\/revisions"}],"predecessor-version":[{"id":1819,"href":"https:\/\/www.newole.at\/it\/wp-json\/wp\/v2\/pages\/1818\/revisions\/1819"}],"wp:attachment":[{"href":"https:\/\/www.newole.at\/it\/wp-json\/wp\/v2\/media?parent=1818"}],"curies":[{"name":"wp","href":"https:\/\/api.w.org\/{rel}","templated":true}]}}

<div data-elementor-type="wp-page" data-elementor-id="1818" class="elementor elementor-1818 elementor-935" data-elementor-post-type="page">
						<section class="elementor-section elementor-top-section elementor-element elementor-element-60c31a19 elementor-section-height-min-height elementor-section-full_width elementor-section-height-default elementor-section-items-middle" data-id="60c31a19" data-element_type="section" data-e-type="section">
						<div class="elementor-container elementor-column-gap-default">
					<div class="elementor-column elementor-col-100 elementor-top-column elementor-element elementor-element-908fd95" data-id="908fd95" data-element_type="column" data-e-type="column">
			<div class="elementor-widget-wrap elementor-element-populated">
						<div class="elementor-element elementor-element-492954f elementor-widget elementor-widget-image" data-id="492954f" data-element_type="widget" data-e-type="widget" data-widget_type="image.default">
															<img fetchpriority="high" decoding="async" width="1829" height="360" src="https://www.newole.at/wp-content/uploads/2022/12/impecables-en-lalucha.jpg" class="attachment-full size-full wp-image-1777" alt="" srcset="https://www.newole.at/wp-content/uploads/2022/12/impecables-en-lalucha.jpg 1829w, https://www.newole.at/wp-content/uploads/2022/12/impecables-en-lalucha-300x59.jpg 300w, https://www.newole.at/wp-content/uploads/2022/12/impecables-en-lalucha-1024x202.jpg 1024w, https://www.newole.at/wp-content/uploads/2022/12/impecables-en-lalucha-768x151.jpg 768w, https://www.newole.at/wp-content/uploads/2022/12/impecables-en-lalucha-1536x302.jpg 1536w" sizes="(max-width: 1829px) 100vw, 1829px" />															</div>
					</div>
		</div>
					</div>
		</section>
				<section class="elementor-section elementor-top-section elementor-element elementor-element-2b0ab688 elementor-section-boxed elementor-section-height-default elementor-section-height-default" data-id="2b0ab688" data-element_type="section" data-e-type="section">
						<div class="elementor-container elementor-column-gap-default">
					<div class="elementor-column elementor-col-100 elementor-top-column elementor-element elementor-element-a591e02" data-id="a591e02" data-element_type="column" data-e-type="column">
			<div class="elementor-widget-wrap elementor-element-populated">
						<div class="elementor-element elementor-element-57d4d3d elementor-widget elementor-widget-heading" data-id="57d4d3d" data-element_type="widget" data-e-type="widget" data-widget_type="heading.default">
					<h1 class="elementor-heading-title elementor-size-default">Internazionali</h1>				</div>
				<div class="elementor-element elementor-element-442e27f5 elementor-widget elementor-widget-text-editor" data-id="442e27f5" data-element_type="widget" data-e-type="widget" data-widget_type="text-editor.default">
									<p>La restrizione delle attività giuridiche al solo ambito nazionale risulta sempre più anacronistica in un contesto europeo caratterizzato da una rapida integrazione. Nella nostra società di avvocati si assiste a un aumento dei rapporti con l&#8217;estero e alla gestione di controversie che travalicano i confini nazionali.</p>
</p>
<h4><strong>La presenza croata si è estesa fino a Vienna!</strong></h4>
<p>Dal 1° luglio 2013 la Croazia è diventata il 28° Stato membro dell&#8217;Unione europea. Dal dicembre 2014, Odvjetnica (o la dottoressa in legge) Mag. dipl. opera a Vienna. iur. In collaborazione stretta con il nostro studio legale, Tanja Cukon ha dato vita alla prima società di avvocati croato-austriaca sul territorio austriaco. La dottoressa in legge croata del nostro studio si occupa principalmente della consulenza giuridica di società commerciali che svolgono attività transfrontaliere tra la Croazia e l&#8217;Austria. Dopo aver completato gli studi di giurisprudenza presso le università di Zagabria e Vienna, ha acquisito una vasta esperienza lavorativa in uno degli studi legali più prestigiosi del settore, specializzato nella consulenza legale per imprese che operano nell&#8217;area CEE.</p>
<p>Per maggiori informazioni, si prega di visitare il nostro sito web all&#8217;indirizzo: <a href="http://www.croatia-law-austria.eu/">www.croatia-law-austria.eu</a></p>
<p>Grazie alla sua vasta esperienza e alla presenza della nostra società di avvocati a Pola, in Istria, nonché alla rete di assistenza diffusa in tutta la Croazia, offre ai clienti austriaci un supporto completo e personalizzato nel più recente stato membro dell&#8217;Unione Europea. Da un&#8217;altra parte, la nostra società di avvocati rappresenta un punto di riferimento affidabile per le imprese croate e i privati cittadini che necessitano di assistenza legale in Austria.<br />Dobri dosli Hrvatska!</p>
<p>U slučaju da tražite hrvatskog odvjetnika u Beču onda ste ovdje na pravom mjestu: <a href="http://www.croatia-law-austria.eu/">www.croatia-law-austria.eu</a></p>
</p>
<h4><strong>Italia</strong></h4>
<p>La nostra società ha una solida presenza commerciale in Italia e dispone di uffici di rappresentanza propri a Trieste, Udine e Gorizia. La nostra società rappresenta un punto di contatto affidabile per gli imprenditori italiani che operano in Austria e per le aziende austriache che operano in Italia. La collaborazione avviene in particolare con lo studio legale di Diego Deboni Ferletic: Avvocati (<a href="https://ddfavvocati.eu/it/home/">www.ddfavvocati.eu</a>)<span style="color: var( --e-global-color-text ); font-family: var( --e-global-typography-text-font-family ), Sans-serif; font-weight: var( --e-global-typography-text-font-weight );">. I nostri partner italiani, con cui possono collaborare e comunicare in lingua tedesca e che si recano regolarmente nel nostro ufficio a Vienna, sono disponibili ad incontrarli anche nella loro sede, previo accordo di un appuntamento.</span></p>
<p>Ma il nostro rapporto con l&#8217;Italia non si limita solo all&#8217;aspetto lavorativo: il dott. Karl Newole ha infatti una forte connessione personale con questo Paese, essendo originario di qui. La madre del dott. Karl Newole proviene da Venezia e lui ha avuto un&#8217;educazione bilingue fin dall&#8217;infanzia. Grazie mamma!</p>
								</div>
					</div>
		</div>
					</div>
		</section>
				</div>

<p>Internazionali La restrizione delle attività giuridiche al solo ambito nazionale risulta sempre più anacronistica in un contesto europeo caratterizzato da una rapida integrazione. Nella nostra società di avvocati si assiste a un aumento dei rapporti con l&#8217;estero e alla gestione di controversie che travalicano i confini nazionali. La presenza croata si è estesa fino a [&hellip;]</p>
